{"id":144,"date":"2022-07-22T13:35:40","date_gmt":"2022-07-22T11:35:40","guid":{"rendered":"http:\/\/robertbock.de\/3le\/?page_id=144"},"modified":"2022-07-27T20:57:23","modified_gmt":"2022-07-27T18:57:23","slug":"skifahren","status":"publish","type":"page","link":"http:\/\/robertbock.de\/3le\/skifahren\/","title":{"rendered":"Skifahren"},"content":{"rendered":"\n<p>Auch im Winter ist die Region einen Besuch wert. Die h\u00f6chstgelegenen und weitl\u00e4ufigsten Skigebiete des Schwarzwaldes befinden sich (fallweise teilweise) im nord\u00f6stlichen Landkreis bzw. direkt nebenan, die Alpen sind nah, aber auch das Schweizer Jura oder die Vogesen bieten dem Skifahrer jede Menge Pistenspass.<\/p>\n\n\n\n<h2 class=\"wp-block-heading\"><strong>Hier die direkt erreichbaren Skigebiete in der N\u00e4he:<\/strong><\/h2>\n\n\n\n<p><strong>Feldberg (Seebuck\/Grafenmatt)<\/strong> <strong>&#8211; das Ber\u00fchmte<\/strong><\/p>\n\n\n\n<p>Das gr\u00f6\u00dfte Skigebiet im Schwarzwald und eines der gr\u00f6\u00dften in Deutschland au\u00dferhalb der Alpen. Mit dem tiefsten Punkt auf 930 m und dem h\u00f6chsten auf 1450 m \u00fcber Meeresspiegel bietet es auch den gr\u00f6\u00dften H\u00f6henunterschied im Schwarzwald &#8211; wenn auch eine direkte, durchgehende Abfahrt von &#8222;ganz oben&#8220; nach &#8222;ganz unten&#8220; gel\u00e4ndebedingt nicht m\u00f6glich ist. 14 Liftanlagen bringen einen bei Vollbetrieb nach oben, da es viele parallele Anlagen gibt, laufen einige nur bei Hochbetrieb. Zahlreiche H\u00fctten laden zur Rast (Empfehlung: <a rel=\"noreferrer noopener\" href=\"https:\/\/www.emmendinger-huette.de\/\" data-type=\"URL\" data-id=\"https:\/\/www.emmendinger-huette.de\/\" target=\"_blank\">Emmendinger H\u00fctte<\/a>). Das Pistenangebot reicht von eher flach (Grafenmatt-Mitte und Seebuch-Resilifte) bis sehr steil (&#8222;Fahler Loch&#8220; und FIS-Weltcupabfahrt). Man kann sich wirklich gut einen Tag hier austoben, wenn nicht sogar eine ganze Woche. Und schlie\u00dflich gilt der Wochenskipass ja auch in anderen Gebieten!<\/p>\n\n\n<div class=\"wp-block-image\">\n<figure class=\"aligncenter size-large is-resized\"><img loading=\"lazy\" decoding=\"async\" src=\"http:\/\/robertbock.de\/3le\/wp-content\/uploads\/2022\/07\/S6300491-1024x768.jpg\" alt=\"\" class=\"wp-image-215\" width=\"416\" height=\"312\" srcset=\"http:\/\/robertbock.de\/3le\/wp-content\/uploads\/2022\/07\/S6300491-1024x768.jpg 1024w, http:\/\/robertbock.de\/3le\/wp-content\/uploads\/2022\/07\/S6300491-300x225.jpg 300w, http:\/\/robertbock.de\/3le\/wp-content\/uploads\/2022\/07\/S6300491-768x576.jpg 768w, http:\/\/robertbock.de\/3le\/wp-content\/uploads\/2022\/07\/S6300491-1536x1152.jpg 1536w, http:\/\/robertbock.de\/3le\/wp-content\/uploads\/2022\/07\/S6300491-2048x1536.jpg 2048w, http:\/\/robertbock.de\/3le\/wp-content\/uploads\/2022\/07\/S6300491-1040x780.jpg 1040w, http:\/\/robertbock.de\/3le\/wp-content\/uploads\/2022\/07\/S6300491-640x480.jpg 640w\" sizes=\"auto, (max-width: 416px) 100vw, 416px\" \/><figcaption>Alpenblick inklusive: Skigebiet Feldberg (hier auf dem Seebuck auf 1450 m)<\/figcaption><\/figure>\n<\/div>\n\n\n<figure class=\"wp-block-table aligncenter is-style-stripes\"><table><tbody><tr><td class=\"has-text-align-right\" data-align=\"right\"><strong>Skigebiet Feldberg<\/strong><\/td><td><\/td><td><strong>930 &#8211; 1450 m<\/strong><\/td><\/tr><tr><td class=\"has-text-align-right\" data-align=\"right\">Gondelbahnen<\/td><td><\/td><td>im Sommer: 1, im Winter 0<\/td><\/tr><tr><td class=\"has-text-align-right\" data-align=\"right\">Sessellifte<\/td><td><\/td><td>6er: 2 ; 4er: 1 ; 2er: 2  <\/td><\/tr><tr><td class=\"has-text-align-right\" data-align=\"right\">Schlepplifte<\/td><td><\/td><td>Tellerlift: 3 ; Ankerlift: 6<\/td><\/tr><tr><td class=\"has-text-align-right\" data-align=\"right\">F\u00f6rderb\u00e4nder<\/td><td><\/td><td>0<\/td><\/tr><tr><td class=\"has-text-align-right\" data-align=\"right\">Pistenkilometer<\/td><td><\/td><td>30<\/td><\/tr><\/tbody><\/table><\/figure>\n\n\n\n<p><strong>Todtnauberg &#8211; Schlepplifte und Traumpisten<\/strong><\/p>\n\n\n\n<p>Todtnauberg &#8211; in einem ruhigen Hochtal abseits des Trubels gelegen &#8211; ist ein typisches S\u00fcdschwarzwalddorf mit viel touristischem Charme. Die Skilifte hier werden von zwei Familien betrieben und bedienen traumhafte, gut gepflegte Abfahrten, auf denen man unter der Woche fast allein ist. Von famili\u00e4r-gem\u00fctlich bis sportlich-steil kommt hier jeder auf seine Kosten.<\/p>\n\n\n<div class=\"wp-block-image\">\n<figure class=\"aligncenter size-large is-resized\"><img loading=\"lazy\" decoding=\"async\" src=\"http:\/\/robertbock.de\/3le\/wp-content\/uploads\/2022\/07\/20211217_094605-1024x768.jpg\" alt=\"\" class=\"wp-image-240\" width=\"349\" height=\"262\" srcset=\"http:\/\/robertbock.de\/3le\/wp-content\/uploads\/2022\/07\/20211217_094605-1024x768.jpg 1024w, http:\/\/robertbock.de\/3le\/wp-content\/uploads\/2022\/07\/20211217_094605-300x225.jpg 300w, http:\/\/robertbock.de\/3le\/wp-content\/uploads\/2022\/07\/20211217_094605-768x576.jpg 768w, http:\/\/robertbock.de\/3le\/wp-content\/uploads\/2022\/07\/20211217_094605-1536x1152.jpg 1536w, http:\/\/robertbock.de\/3le\/wp-content\/uploads\/2022\/07\/20211217_094605-2048x1536.jpg 2048w, http:\/\/robertbock.de\/3le\/wp-content\/uploads\/2022\/07\/20211217_094605-1040x780.jpg 1040w, http:\/\/robertbock.de\/3le\/wp-content\/uploads\/2022\/07\/20211217_094605-640x480.jpg 640w\" sizes=\"auto, (max-width: 349px) 100vw, 349px\" \/><\/figure>\n<\/div>\n\n<div class=\"wp-block-image\">\n<figure class=\"aligncenter size-large is-resized\"><img decoding=\"async\" src=\"http:\/\/robertbock.de\/3le\/wp-content\/uploads\/2022\/07\/20211217_095743-1024x768.jpg\" alt=\"\" class=\"wp-image-242\" width=\"-260\" height=\"-195\" srcset=\"http:\/\/robertbock.de\/3le\/wp-content\/uploads\/2022\/07\/20211217_095743-1024x768.jpg 1024w, http:\/\/robertbock.de\/3le\/wp-content\/uploads\/2022\/07\/20211217_095743-300x225.jpg 300w, http:\/\/robertbock.de\/3le\/wp-content\/uploads\/2022\/07\/20211217_095743-768x576.jpg 768w, http:\/\/robertbock.de\/3le\/wp-content\/uploads\/2022\/07\/20211217_095743-1536x1152.jpg 1536w, http:\/\/robertbock.de\/3le\/wp-content\/uploads\/2022\/07\/20211217_095743-2048x1536.jpg 2048w, http:\/\/robertbock.de\/3le\/wp-content\/uploads\/2022\/07\/20211217_095743-1040x780.jpg 1040w, http:\/\/robertbock.de\/3le\/wp-content\/uploads\/2022\/07\/20211217_095743-640x480.jpg 640w\" sizes=\"(max-width: 1024px) 100vw, 1024px\" \/><\/figure>\n<\/div>\n\n\n<figure class=\"wp-block-table aligncenter is-style-stripes\"><table><tbody><tr><td class=\"has-text-align-right\" data-align=\"right\"><strong>Skigebiet Todtnauberg<\/strong><\/td><td class=\"has-text-align-center\" data-align=\"center\"><\/td><td><strong>1000 &#8211; 1400 m<\/strong><\/td><\/tr><tr><td class=\"has-text-align-right\" data-align=\"right\">Gondelbahnen<\/td><td class=\"has-text-align-center\" data-align=\"center\"><\/td><td>0<\/td><\/tr><tr><td class=\"has-text-align-right\" data-align=\"right\">Sessellifte<\/td><td class=\"has-text-align-center\" data-align=\"center\"><\/td><td>0<\/td><\/tr><tr><td class=\"has-text-align-right\" data-align=\"right\">Schlepplifte<\/td><td class=\"has-text-align-center\" data-align=\"center\"><\/td><td>Ankerlift: 4<\/td><\/tr><tr><td class=\"has-text-align-right\" data-align=\"right\">F\u00f6rderb\u00e4nder<\/td><td class=\"has-text-align-center\" data-align=\"center\"><\/td><td>1<\/td><\/tr><tr><td class=\"has-text-align-right\" data-align=\"right\">Seillifte<\/td><td class=\"has-text-align-center\" data-align=\"center\"><\/td><td>1<\/td><\/tr><tr><td class=\"has-text-align-right\" data-align=\"right\">Pistenkilometer<\/td><td class=\"has-text-align-center\" data-align=\"center\"><\/td><td>16<\/td><\/tr><\/tbody><\/table><\/figure>\n\n\n\n<p><strong>Muggenbrunn &#8211; (nicht nur) f\u00fcr Anf\u00e4nger und Familien<\/strong><\/p>\n\n\n<div class=\"wp-block-image\">\n<figure class=\"aligncenter size-full is-resized\"><img loading=\"lazy\" decoding=\"async\" src=\"http:\/\/robertbock.de\/3le\/wp-content\/uploads\/2022\/07\/S6301478.jpg\" alt=\"\" class=\"wp-image-244\" width=\"477\" height=\"358\" srcset=\"http:\/\/robertbock.de\/3le\/wp-content\/uploads\/2022\/07\/S6301478.jpg 1000w, http:\/\/robertbock.de\/3le\/wp-content\/uploads\/2022\/07\/S6301478-300x225.jpg 300w, http:\/\/robertbock.de\/3le\/wp-content\/uploads\/2022\/07\/S6301478-768x576.jpg 768w, http:\/\/robertbock.de\/3le\/wp-content\/uploads\/2022\/07\/S6301478-640x480.jpg 640w\" sizes=\"auto, (max-width: 477px) 100vw, 477px\" \/><\/figure>\n<\/div>\n\n\n<figure class=\"wp-block-table aligncenter is-style-stripes\"><table><tbody><tr><td class=\"has-text-align-right\" data-align=\"right\"><strong>Skigebiet Muggenbrunn<\/strong><\/td><td class=\"has-text-align-center\" data-align=\"center\"><\/td><td><strong>980 &#8211; 1243 m<\/strong><\/td><\/tr><tr><td class=\"has-text-align-right\" data-align=\"right\">Gondelbahnen<\/td><td class=\"has-text-align-center\" data-align=\"center\"><\/td><td>0<\/td><\/tr><tr><td class=\"has-text-align-right\" data-align=\"right\">Sessellifte<\/td><td class=\"has-text-align-center\" data-align=\"center\"><\/td><td>0<\/td><\/tr><tr><td class=\"has-text-align-right\" data-align=\"right\">Schlepplifte<\/td><td class=\"has-text-align-center\" data-align=\"center\"><\/td><td>Ankerlift: 5 Tellerlift: 1<\/td><\/tr><tr><td class=\"has-text-align-right\" data-align=\"right\">F\u00f6rderb\u00e4nder<\/td><td class=\"has-text-align-center\" data-align=\"center\"><\/td><td>1<\/td><\/tr><tr><td class=\"has-text-align-right\" data-align=\"right\">Pistenkilometer<\/td><td class=\"has-text-align-center\" data-align=\"center\"><\/td><td>8<\/td><\/tr><\/tbody><\/table><\/figure>\n\n\n\n<p><strong>Belchen &#8211; Skispa\u00df mit Gondelbahn und Alpenblick<\/strong><\/p>\n\n\n\n\n\n<figure class=\"wp-block-table aligncenter is-style-stripes\"><table><tbody><tr><td class=\"has-text-align-right\" data-align=\"right\"><strong>Skigebiet Belchen<\/strong><\/td><td class=\"has-text-align-center\" data-align=\"center\"><\/td><td><strong>1100 &#8211; 1356 m<\/strong><\/td><\/tr><tr><td class=\"has-text-align-right\" data-align=\"right\">Gondelbahnen<\/td><td class=\"has-text-align-center\" data-align=\"center\"><\/td><td>1<\/td><\/tr><tr><td class=\"has-text-align-right\" data-align=\"right\">Sessellifte<\/td><td class=\"has-text-align-center\" data-align=\"center\"><\/td><td>0<\/td><\/tr><tr><td class=\"has-text-align-right\" data-align=\"right\">Schlepplifte<\/td><td class=\"has-text-align-center\" data-align=\"center\"><\/td><td>0<\/td><\/tr><tr><td class=\"has-text-align-right\" data-align=\"right\">F\u00f6rderb\u00e4nder<\/td><td class=\"has-text-align-center\" data-align=\"center\"><\/td><td>0<\/td><\/tr><tr><td class=\"has-text-align-right\" data-align=\"right\">Pistenkilometer<\/td><td class=\"has-text-align-center\" data-align=\"center\"><\/td><td>ca. 6 km<\/td><\/tr><\/tbody><\/table><\/figure>\n\n\n\n<p><strong>M\u00fcnstertal\/Wieden &#8211; das urige Unbekannte<\/strong><\/p>\n\n\n<div class=\"wp-block-image\">\n<figure class=\"aligncenter size-large is-resized\"><img loading=\"lazy\" decoding=\"async\" src=\"http:\/\/robertbock.de\/3le\/wp-content\/uploads\/2022\/07\/20190212_115950-1024x576.jpg\" alt=\"\" class=\"wp-image-246\" width=\"405\" height=\"227\" srcset=\"http:\/\/robertbock.de\/3le\/wp-content\/uploads\/2022\/07\/20190212_115950-1024x576.jpg 1024w, http:\/\/robertbock.de\/3le\/wp-content\/uploads\/2022\/07\/20190212_115950-300x169.jpg 300w, http:\/\/robertbock.de\/3le\/wp-content\/uploads\/2022\/07\/20190212_115950-768x432.jpg 768w, http:\/\/robertbock.de\/3le\/wp-content\/uploads\/2022\/07\/20190212_115950-640x360.jpg 640w, http:\/\/robertbock.de\/3le\/wp-content\/uploads\/2022\/07\/20190212_115950-1040x585.jpg 1040w, http:\/\/robertbock.de\/3le\/wp-content\/uploads\/2022\/07\/20190212_115950.jpg 1306w\" sizes=\"auto, (max-width: 405px) 100vw, 405px\" \/><\/figure>\n<\/div>\n\n<div class=\"wp-block-image\">\n<figure class=\"aligncenter size-large is-resized\"><img loading=\"lazy\" decoding=\"async\" src=\"http:\/\/robertbock.de\/3le\/wp-content\/uploads\/2022\/07\/20190212_095027-1024x576.jpg\" alt=\"\" class=\"wp-image-247\" width=\"410\" height=\"230\" srcset=\"http:\/\/robertbock.de\/3le\/wp-content\/uploads\/2022\/07\/20190212_095027-1024x576.jpg 1024w, http:\/\/robertbock.de\/3le\/wp-content\/uploads\/2022\/07\/20190212_095027-300x169.jpg 300w, http:\/\/robertbock.de\/3le\/wp-content\/uploads\/2022\/07\/20190212_095027-768x432.jpg 768w, http:\/\/robertbock.de\/3le\/wp-content\/uploads\/2022\/07\/20190212_095027-640x360.jpg 640w, http:\/\/robertbock.de\/3le\/wp-content\/uploads\/2022\/07\/20190212_095027-1040x585.jpg 1040w, http:\/\/robertbock.de\/3le\/wp-content\/uploads\/2022\/07\/20190212_095027.jpg 1306w\" sizes=\"auto, (max-width: 410px) 100vw, 410px\" \/><\/figure>\n<\/div>\n\n\n<figure class=\"wp-block-table aligncenter is-style-stripes\"><table><tbody><tr><td class=\"has-text-align-right\" data-align=\"right\"><strong>Skigebiet M\u00fcnstertal-Wieden<\/strong><\/td><td class=\"has-text-align-center\" data-align=\"center\"><\/td><td><strong>880 &#8211; 1240 m<\/strong><\/td><\/tr><tr><td class=\"has-text-align-right\" data-align=\"right\">Gondelbahnen<\/td><td class=\"has-text-align-center\" data-align=\"center\"><\/td><td>0<\/td><\/tr><tr><td class=\"has-text-align-right\" data-align=\"right\">Sessellifte<\/td><td class=\"has-text-align-center\" data-align=\"center\"><\/td><td>0<\/td><\/tr><tr><td class=\"has-text-align-right\" data-align=\"right\">Schlepplifte<\/td><td class=\"has-text-align-center\" data-align=\"center\"><\/td><td>Ankerlift: 5+1<\/td><\/tr><tr><td class=\"has-text-align-right\" data-align=\"right\">F\u00f6rderb\u00e4nder<\/td><td class=\"has-text-align-center\" data-align=\"center\"><\/td><td>0<\/td><\/tr><tr><td class=\"has-text-align-right\" data-align=\"right\">Pistenkilometer<\/td><td class=\"has-text-align-center\" data-align=\"center\"><\/td><td>ca. 6 + 0,5<\/td><\/tr><\/tbody><\/table><\/figure>\n\n\n\n<p><strong>Notschrei<\/strong><\/p>\n\n\n<div class=\"wp-block-image\">\n<figure class=\"aligncenter size-large is-resized\"><img loading=\"lazy\" decoding=\"async\" src=\"http:\/\/robertbock.de\/3le\/wp-content\/uploads\/2022\/07\/20200126_122604-1024x768.jpg\" alt=\"\" class=\"wp-image-249\" width=\"382\" height=\"287\" srcset=\"http:\/\/robertbock.de\/3le\/wp-content\/uploads\/2022\/07\/20200126_122604-1024x768.jpg 1024w, http:\/\/robertbock.de\/3le\/wp-content\/uploads\/2022\/07\/20200126_122604-300x225.jpg 300w, http:\/\/robertbock.de\/3le\/wp-content\/uploads\/2022\/07\/20200126_122604-768x576.jpg 768w, http:\/\/robertbock.de\/3le\/wp-content\/uploads\/2022\/07\/20200126_122604-1536x1152.jpg 1536w, http:\/\/robertbock.de\/3le\/wp-content\/uploads\/2022\/07\/20200126_122604-2048x1536.jpg 2048w, http:\/\/robertbock.de\/3le\/wp-content\/uploads\/2022\/07\/20200126_122604-1040x780.jpg 1040w, http:\/\/robertbock.de\/3le\/wp-content\/uploads\/2022\/07\/20200126_122604-640x480.jpg 640w\" sizes=\"auto, (max-width: 382px) 100vw, 382px\" \/><\/figure>\n<\/div>\n\n\n<figure class=\"wp-block-table aligncenter is-style-stripes\"><table><tbody><tr><td class=\"has-text-align-right\" data-align=\"right\"><strong>Skigebiet Notschrei<\/strong><\/td><td class=\"has-text-align-center\" data-align=\"center\"><\/td><td><strong>1110 &#8211; 1180 m<\/strong><\/td><\/tr><tr><td class=\"has-text-align-right\" data-align=\"right\">Gondelbahnen<\/td><td class=\"has-text-align-center\" data-align=\"center\"><\/td><td>0<\/td><\/tr><tr><td class=\"has-text-align-right\" data-align=\"right\">Sessellifte<\/td><td class=\"has-text-align-center\" data-align=\"center\"><\/td><td>0<\/td><\/tr><tr><td class=\"has-text-align-right\" data-align=\"right\">Schlepplifte<\/td><td class=\"has-text-align-center\" data-align=\"center\"><\/td><td>Ankerlift: 2<\/td><\/tr><tr><td class=\"has-text-align-right\" data-align=\"right\">F\u00f6rderb\u00e4nder<\/td><td class=\"has-text-align-center\" data-align=\"center\"><\/td><td>1<\/td><\/tr><tr><td class=\"has-text-align-right\" data-align=\"right\">Pistenkilometer<\/td><td class=\"has-text-align-center\" data-align=\"center\"><\/td><td>2<\/td><\/tr><\/tbody><\/table><\/figure>\n\n\n\n<p><strong>Haldenk\u00f6pfle<\/strong><\/p>\n\n\n\n<figure class=\"wp-block-table aligncenter is-style-stripes\"><table><tbody><tr><td class=\"has-text-align-right\" data-align=\"right\"><strong>Skigebiet Haldenk\u00f6pfle<\/strong><\/td><td class=\"has-text-align-center\" data-align=\"center\"><\/td><td><strong>1150 &#8211; 1265 m<\/strong><\/td><\/tr><tr><td class=\"has-text-align-right\" data-align=\"right\">Gondelbahnen<\/td><td class=\"has-text-align-center\" data-align=\"center\"><\/td><td>0<\/td><\/tr><tr><td class=\"has-text-align-right\" data-align=\"right\">Sessellifte<\/td><td class=\"has-text-align-center\" data-align=\"center\"><\/td><td>0<\/td><\/tr><tr><td class=\"has-text-align-right\" data-align=\"right\">Schlepplifte<\/td><td class=\"has-text-align-center\" data-align=\"center\"><\/td><td>Ankerlift: 2<\/td><\/tr><tr><td class=\"has-text-align-right\" data-align=\"right\">Seillifte<\/td><td class=\"has-text-align-center\" data-align=\"center\"><\/td><td>1<\/td><\/tr><tr><td class=\"has-text-align-right\" data-align=\"right\">Pistenkilometer<\/td><td class=\"has-text-align-center\" data-align=\"center\"><\/td><td>2,5<\/td><\/tr><\/tbody><\/table><\/figure>\n\n\n\n<p><strong>Hofsgrund (Schauinsland)<\/strong><\/p>\n\n\n\n<figure class=\"wp-block-table aligncenter is-style-stripes\"><table><tbody><tr><td class=\"has-text-align-right\" data-align=\"right\"><strong>Skigebiet Hofsgrund<\/strong><\/td><td class=\"has-text-align-center\" data-align=\"center\"><\/td><td><strong>980- 1200 m<\/strong><\/td><\/tr><tr><td class=\"has-text-align-right\" data-align=\"right\">Gondelbahnen<\/td><td class=\"has-text-align-center\" data-align=\"center\"><\/td><td>0<\/td><\/tr><tr><td class=\"has-text-align-right\" data-align=\"right\">Sessellifte<\/td><td class=\"has-text-align-center\" data-align=\"center\"><\/td><td>0<\/td><\/tr><tr><td class=\"has-text-align-right\" data-align=\"right\">Schlepplifte<\/td><td class=\"has-text-align-center\" data-align=\"center\"><\/td><td>Ankerlift: 3<\/td><\/tr><tr><td class=\"has-text-align-right\" data-align=\"right\">F\u00f6rderb\u00e4nder<\/td><td class=\"has-text-align-center\" data-align=\"center\"><\/td><td>0<\/td><\/tr><tr><td class=\"has-text-align-right\" data-align=\"right\">Seillifte<\/td><td class=\"has-text-align-center\" data-align=\"center\"><\/td><td>1<\/td><\/tr><tr><td class=\"has-text-align-right\" data-align=\"right\">Pistenkilometer<\/td><td class=\"has-text-align-center\" data-align=\"center\"><\/td><td>4<\/td><\/tr><\/tbody><\/table><\/figure>\n\n\n\n<p><strong>Aftersteg<\/strong><\/p>\n\n\n\n<p><a href=\"https:\/\/www.feldbergbahn.de\/Attraktionen\/Skilift-Aftersteg#informationen\">https:\/\/www.feldbergbahn.de\/Attraktionen\/Skilift-Aftersteg#informationen<\/a><\/p>\n\n\n\n<figure class=\"wp-block-table aligncenter is-style-stripes\"><table><tbody><tr><td class=\"has-text-align-right\" data-align=\"right\"><strong>Skigebiet Aftersteg<\/strong><\/td><td class=\"has-text-align-center\" data-align=\"center\"><\/td><td><strong>1000 &#8211; 1400 m<\/strong><\/td><\/tr><tr><td class=\"has-text-align-right\" data-align=\"right\">Gondelbahnen<\/td><td class=\"has-text-align-center\" data-align=\"center\"><\/td><td>0<\/td><\/tr><tr><td class=\"has-text-align-right\" data-align=\"right\">Sessellifte<\/td><td class=\"has-text-align-center\" data-align=\"center\"><\/td><td>0<\/td><\/tr><tr><td class=\"has-text-align-right\" data-align=\"right\">Schlepplifte<\/td><td class=\"has-text-align-center\" data-align=\"center\"><\/td><td>Ankerlift: 1<\/td><\/tr><tr><td class=\"has-text-align-right\" data-align=\"right\">F\u00f6rderb\u00e4nder<\/td><td class=\"has-text-align-center\" data-align=\"center\"><\/td><td>0<\/td><\/tr><tr><td class=\"has-text-align-right\" data-align=\"right\">Pistenkilometer<\/td><td class=\"has-text-align-center\" data-align=\"center\"><\/td><td>2<\/td><\/tr><tr><td class=\"has-text-align-right\" data-align=\"right\"><\/td><td class=\"has-text-align-center\" data-align=\"center\"><\/td><td><\/td><\/tr><\/tbody><\/table><\/figure>\n\n\n\n<p><strong>Ittenschwander Horn (Fr\u00f6hnd)<\/strong><\/p>\n\n\n\n<p>Der von einem Verein betriebene Skilift hat nur wenige Betriebstage im Jahr, ist aber spektakul\u00e4r lang und aussichtsreich. <a href=\"https:\/\/www.sc-froehnd.de\/der-skilift\/\" target=\"_blank\" rel=\"noreferrer noopener\">https:\/\/www.sc-froehnd.de\/der-skilift\/<\/a><\/p>\n\n\n\n<figure class=\"wp-block-table aligncenter is-style-stripes\"><table><tbody><tr><td class=\"has-text-align-right\" data-align=\"right\"><strong>Skigebiet Ittenschwander Horn<\/strong><\/td><td class=\"has-text-align-center\" data-align=\"center\"><\/td><td><strong>700 &#8211; 1000 m<\/strong><\/td><\/tr><tr><td class=\"has-text-align-right\" data-align=\"right\">Gondelbahnen<\/td><td class=\"has-text-align-center\" data-align=\"center\"><\/td><td>0<\/td><\/tr><tr><td class=\"has-text-align-right\" data-align=\"right\">Sessellifte<\/td><td class=\"has-text-align-center\" data-align=\"center\"><\/td><td>0<\/td><\/tr><tr><td class=\"has-text-align-right\" data-align=\"right\">Schlepplifte<\/td><td class=\"has-text-align-center\" data-align=\"center\"><\/td><td>Ankerlift: 1<\/td><\/tr><tr><td class=\"has-text-align-right\" data-align=\"right\">F\u00f6rderb\u00e4nder<\/td><td class=\"has-text-align-center\" data-align=\"center\"><\/td><td>0<\/td><\/tr><tr><td class=\"has-text-align-right\" data-align=\"right\">Pistenkilometer<\/td><td class=\"has-text-align-center\" data-align=\"center\"><\/td><td>1<\/td><\/tr><\/tbody><\/table><\/figure>\n\n\n\n<p><strong>Gersbach<\/strong><\/p>\n\n\n\n<p>Aufgrund der geringeren H\u00f6henlage ist der Skilift meist vor allem im Januar und Februar ge\u00f6ffnet und dies oft nur nachmittags und am Wochenende. Das kleine Skigebiet ist allerdings das am schnellsten aus dem Dreil\u00e4ndereck erreichbare. Die Aussicht auf Dinkelberg, Jura und Alpen ist fantastisch.<a href=\"http:\/\/www.bergbrunnenlift-gersbach.de\/\" target=\"_blank\" rel=\"noreferrer noopener\"> http:\/\/www.bergbrunnenlift-gersbach.de\/<\/a><\/p>\n\n\n\n<figure class=\"wp-block-table aligncenter is-style-stripes\"><table><tbody><tr><td class=\"has-text-align-right\" data-align=\"right\"><strong>Skigebiet Gersbach<\/strong><\/td><td class=\"has-text-align-center\" data-align=\"center\"><\/td><td><strong>820 &#8211; 950 m<\/strong><\/td><\/tr><tr><td class=\"has-text-align-right\" data-align=\"right\">Gondelbahnen<\/td><td class=\"has-text-align-center\" data-align=\"center\"><\/td><td>0<\/td><\/tr><tr><td class=\"has-text-align-right\" data-align=\"right\">Sessellifte<\/td><td class=\"has-text-align-center\" data-align=\"center\"><\/td><td>0<\/td><\/tr><tr><td class=\"has-text-align-right\" data-align=\"right\">Schlepplifte<\/td><td class=\"has-text-align-center\" data-align=\"center\"><\/td><td>Ankerlift: 1<\/td><\/tr><tr><td class=\"has-text-align-right\" data-align=\"right\">F\u00f6rderb\u00e4nder<\/td><td class=\"has-text-align-center\" data-align=\"center\"><\/td><td>0<\/td><\/tr><tr><td class=\"has-text-align-right\" data-align=\"right\">Pistenkilometer<\/td><td class=\"has-text-align-center\" data-align=\"center\"><\/td><td>0,7<\/td><\/tr><\/tbody><\/table><\/figure>\n\n\n\n<p><strong>Kreuzeck<\/strong><\/p>\n\n\n\n<p>Der kleine, aber relativ steile Skilift hat immer wieder mit Stillegungen und Schneemangel zu k\u00e4mpfen und liegt relativ abgelegen an der Kreuzweg-Passh\u00f6he zwischen dem Kleinen Wiesental und dem Klemmbachtal. <a href=\"http:\/\/www.kreuzwegalm.de\" data-type=\"URL\" data-id=\"www.kreuzwegalm.de\" target=\"_blank\" rel=\"noreferrer noopener\">www.kreuzwegalm.de<\/a><\/p>\n\n\n\n<figure class=\"wp-block-table aligncenter is-style-stripes\"><table><tbody><tr><td class=\"has-text-align-right\" data-align=\"right\"><strong>Skigebiet Kreuzwegalm<\/strong><\/td><td class=\"has-text-align-center\" data-align=\"center\"><\/td><td><strong>980 &#8211; 1120 m<\/strong><\/td><\/tr><tr><td class=\"has-text-align-right\" data-align=\"right\">Gondelbahnen<\/td><td class=\"has-text-align-center\" data-align=\"center\"><\/td><td>0<\/td><\/tr><tr><td class=\"has-text-align-right\" data-align=\"right\">Sessellifte<\/td><td class=\"has-text-align-center\" data-align=\"center\"><\/td><td>0<\/td><\/tr><tr><td class=\"has-text-align-right\" data-align=\"right\">Schlepplifte<\/td><td class=\"has-text-align-center\" data-align=\"center\"><\/td><td>Ankerlift: 1<\/td><\/tr><tr><td class=\"has-text-align-right\" data-align=\"right\">F\u00f6rderb\u00e4nder<\/td><td class=\"has-text-align-center\" data-align=\"center\"><\/td><td>0<\/td><\/tr><tr><td class=\"has-text-align-right\" data-align=\"right\">Pistenkilometer<\/td><td class=\"has-text-align-center\" data-align=\"center\"><\/td><td>0,5<\/td><\/tr><\/tbody><\/table><\/figure>\n\n\n\n\n\n\n","protected":false},"excerpt":{"rendered":"<p>Auch im Winter ist die Region einen Besuch wert. Die h\u00f6chstgelegenen und weitl\u00e4ufigsten Skigebiete des Schwarzwaldes befinden sich (fallweise teilweise)&#8230;<\/p>\n","protected":false},"author":1,"featured_media":0,"parent":0,"menu_order":0,"comment_status":"closed","ping_status":"closed","template":"","meta":{"footnotes":""},"class_list":["post-144","page","type-page","status-publish","hentry","post-archive"],"_links":{"self":[{"href":"http:\/\/robertbock.de\/3le\/wp-json\/wp\/v2\/pages\/144","targetHints":{"allow":["GET"]}}],"collection":[{"href":"http:\/\/robertbock.de\/3le\/wp-json\/wp\/v2\/pages"}],"about":[{"href":"http:\/\/robertbock.de\/3le\/wp-json\/wp\/v2\/types\/page"}],"author":[{"embeddable":true,"href":"http:\/\/robertbock.de\/3le\/wp-json\/wp\/v2\/users\/1"}],"replies":[{"embeddable":true,"href":"http:\/\/robertbock.de\/3le\/wp-json\/wp\/v2\/comments?post=144"}],"version-history":[{"count":32,"href":"http:\/\/robertbock.de\/3le\/wp-json\/wp\/v2\/pages\/144\/revisions"}],"predecessor-version":[{"id":251,"href":"http:\/\/robertbock.de\/3le\/wp-json\/wp\/v2\/pages\/144\/revisions\/251"}],"wp:attachment":[{"href":"http:\/\/robertbock.de\/3le\/wp-json\/wp\/v2\/media?parent=144"}],"curies":[{"name":"wp","href":"https:\/\/api.w.org\/{rel}","templated":true}]}}