{"id":22,"date":"2022-07-14T12:28:42","date_gmt":"2022-07-14T10:28:42","guid":{"rendered":"http:\/\/robertbock.de\/3le\/?page_id=22"},"modified":"2022-08-06T22:28:04","modified_gmt":"2022-08-06T20:28:04","slug":"ausfluege-in-die-schweiz","status":"publish","type":"page","link":"http:\/\/robertbock.de\/3le\/ausfluege\/ausfluege-in-die-schweiz\/","title":{"rendered":"Ausfl\u00fcge in die Schweiz"},"content":{"rendered":"\n<p>Die Schweiz, bekannt als eines der sch\u00f6nsten L\u00e4nder der Welt und das ganz ohne Meereszugang. Doch: die Schweiz bietet trotzdem jede Menge zu Entdecken. Ob St\u00e4dte, Museen, Burgen oder einfach die Natur &#8211; f\u00fcr jeden ist etwas dabei. Und ab dem Landkreis L\u00f6rrach sind viele Ziele in der Schweiz mit einem Tagesausflug gut erreichbar, manche sogar schon mit einem Halbtagsausflug. Hier ein paar Tipps f\u00fcr einen sch\u00f6nen Ausflug ins s\u00fcdlich Nachbarland.<\/p>\n\n\n\n<p>Doch vorab: Gut zu wissen, die Schweiz ist bekanntlich teuer. Wobei sich die Preise in Deutschland immer mehr angleichen. In der L\u00f6rracher Innenstadt zahlt man im Restaurant inzwischen fast genauso viel wie in Basel und auch Lebensmittel sind manchmal in der Schweiz g\u00fcnstiger. Bei Technik oder Bekleidung (Streetwear) ist kaum ein Unterschied zu finden. Hier einige Anhaltspunkte f\u00fcr das Preisniveau in der Schweiz aus eigenem Empfinden (Wechselkurs EUR : CHF zurzeit etwa 1 : 0,98 bzw. CHF zu EUR etwa 1 : 1,02 (Stand Juli 2022)) m\u00f6chte ich dennoch geben, ohne Gew\u00e4hr: 1 Tasse Kaffee &#8211; 4 CHF, 1 Glas Bier 0,5 l &#8211; 8 CHF, Bratwurst im Br\u00f6tchen &#8211; 9 CHF, 1 Kugel Eis &#8211; 3,50 CHF, 1 Hauptgericht im Restaurant 30-40 CHF, 1 Pizza &#8211; 15-25 CHF, 1 D\u00f6ner Kebap &#8211; 9 bis 11 CHF, Eintritt in ein Museum\/einen Zoo &#8211; 15 bis 30 CHF, Eintritt ins Erlebnisbad 2h &#8211; 20 CHF, Eintritt ins Freibad 1 Tag &#8211; 6-8 CHF, Fahrkarte Nahverkehr in Basel 1 Zone &#8211; 3,80 CHF, Zugfahrt Basel-Z\u00fcrich oder Basel-Bern (Normalpreis!) &#8211; ca. 35 CHF, Bergbahnticket retour 15 bis 100 CHF, Haarschnitt Herren kurzes Haar &#8211; 45 CHF (beim t\u00fcrkischen Friseur ca. 20 CHF \ud83d\ude09 ). IKEA hat \u00fcbrigens in der Schweiz praktisch identische Preise wie in Deutschland! <\/p>\n\n\n\n<p>Doch nun weiter zu den Tipps, alle als Tagesausflug machbar:<\/p>\n\n\n\n<h2 class=\"wp-block-heading\">Basel &#8211; Kunst- und Kulturstadt<\/h2>\n\n\n\n<p>Vorab: Basel ist keine Liebe auf den ersten Blick. Es ist ein Pharmazie- und Chemiestandort mit weltweiter Bedeutung und die Stadt ist gezeichnet durch den Versuch aus den 60er Jahren, sie autogerecht zu gestalten. Auch heute noch werden zudem \u00e4ltere Geb\u00e4ude schnell mal abgerissen, um B\u00fcrohochh\u00e4user ohne jegliches Flair zu bauen. Wenn Ihr also nicht gerade ein gl\u00fchender Fan der Herzog-de-Meuron-Architektur seid, wird die Stadt am Rheinknie Euch auf den ersten Blick abschreckend und h\u00e4sslich erscheinen. Wie \u00fcberall in der Schweiz herrscht oft Sichtbeton vor und das Asphaltieren von Stra\u00dfen und Fu\u00dfwegen l\u00e4sst das Ganze dann noch uneinladender wirken. Aber sie hat eben auch viele sch\u00f6ne Ecken, die man erst auf den zweiten Blick findet. Seien es die vielen Parkanlagen mit ihren Spielpl\u00e4tzen und Wasserbecken f\u00fcr kleine Kinder, sei es das Rheinufer oder die klitzekleine, eigentliche historische Altstadt s\u00fcdlich des Rheins. Basel ist eben in erster Linie eine Messe-, Kunst- und Kulturstadt. Optisch w\u00fcrde ich sie am ehesten mit Hannover vergleichen \ud83d\ude09 (nicht b\u00f6se sein, liebe Basler&#8230;!) <\/p>\n\n\n\n<h2 class=\"wp-block-heading\">Bern &#8211; Regierungssitz der Schweiz<\/h2>\n\n\n\n<p>Um Einiges sch\u00f6ner als Basel oder Z\u00fcrich ist Bern. Die Altstadt ist Weltkulturerbe der Unesco und steht auf einem H\u00fcgel hoch oberhalb der Aareschlaufe. Charakteristisch sind die H\u00e4user mit ihren  teil gef\u00fchlt hunderte Meter langen Laubeng\u00e4ngen. Die Zug\u00e4nge zur Altstadt aus drei Richtungen erfolgen \u00fcber hohe Br\u00fccken, so dass sich auch hier super Ansichten und Fotomotive bieten. Ein zentrumsnahes Must-See ist der B\u00e4rengraben bzw. B\u00e4renpark, ein inzwischen gro\u00dfes Tiergehege, in dem sich das Wappentier von Stadt und Kanton Bern (mehr oder weniger) wohl f\u00fchlt. Genau dort befindet sich \u00fcbrigens auch das Restaurant Tramdepot mit eigener Hausbrauerei ;-). Auch in Bern befindlich ist der einzige \u00f6ffentlich zug\u00e4ngliche Paternoster der Schweiz, und zwar im ehemalige Sporthaus Vaucher unweit des Bahnhofs Bern.<\/p>\n\n\n\n<h2 class=\"wp-block-heading\">Z\u00fcrich &#8211; Heimliche Hauptstadt mit Weltstadtflair<\/h2>\n\n\n\n<p>Z\u00fcrich ist NICHT die Hauptstadt der Schweiz! Z\u00fcrich tut wichtig und steht in st\u00e4ndigem Zwist mit Basel. Und ich habe das Gef\u00fchl, das ist nicht nur Spa\u00df, sondern ernst gemeint. Alle hassen die Z\u00fcrcher, au\u00dfer sie selbst. So legen es einem die Schweizer nahe. An sich ist die Stadt aber gar nicht schlimm und auch nicht h\u00e4sslich. Durch die Lage am See und zwischen den umgebenden H\u00fcgeln wirkt &#8222;Z\u00fcri&#8220; \u00e4u\u00dferst attraktiv. Durch die kleine Altstadt oder die mond\u00e4ne Bahnhofstra\u00dfe zu schlendern oder ein Spaziergang am Z\u00fcri(ch)see oder gar der Ausflug auf den Uetliberg oder in den Zoo- die Stadt hat viel zu bieten!  <\/p>\n\n\n\n<h2 class=\"wp-block-heading\">Rigi &#8211; K\u00f6nigin der Berge<\/h2>\n\n\n\n<p>Man kennt sie, die Rigi. Wie ein Thron steht sie vor den eigentlichen zentralschweizer Alpen und gr\u00fc\u00dft die von Norden Kommenden schon von weither. Oben auf dem Gipfel angekommen, wei\u00df man warum sie &#8222;K\u00f6nigin der Berge&#8220; genannt wird &#8211; der Blick auf die Alpen, den Vierwaldst\u00e4tter- und Zugersee ist fantastisch, bei Inversionswetterlage hingegen f\u00fchlt man sich oben, als w\u00fcrde man \u00fcber den Wolken (dem Nebelmeer) schweben. Im Winter lockt eine Naturrodelbahn, im Sommer Wanderungen. Erreichbar am Besten ab Arth-Goldau mit der Arth-Rigi-Bahn (Direkt am Bahnhof Arth-Goldau, Parkplatz in der N\u00e4he) <\/p>\n\n\n\n<h2 class=\"wp-block-heading\">Luzern und Vierwaldst\u00e4ttersee<\/h2>\n\n\n\n<p>Bleiben wir in der Zentralschweiz. Deren Hauptstadt ist Luzern, die Stadt zwischen Vierwaldst\u00e4ttersee und dem m\u00e4chtigen Pilatus. Au\u00dferhalb des historischen Zentrums ist Luzern zugegeben eher h\u00e4sslich, aber die Lage am See, die historische Kapellbr\u00fccke oder eben die G\u00e4ssli im Zentrum sind echt sehenswert. Tipp: es ist absolut vorteilhaft, mit der Bahn anzureisen!<\/p>\n\n\n\n<h2 class=\"wp-block-heading\">Lago Maggiore<\/h2>\n\n\n\n<p>Der &#8222;Lago&#8220; ist ab dem Dreil\u00e4ndereck in etwa 2,5 h via Gotthard zu erreichen, auch mit dem Zug geht es recht schnell ohne Stau vorm Stra\u00dfentunnel. Der Seespiegel gilt mit 193 m als tiefster Punkt der gesamten Schweiz, die St\u00e4dtchen Ascona oder Locarno laden zum Bummeln am Ufer ein. Wer noch ein St\u00fcck weiter f\u00e4hrt, erreicht mit Luino oder Canobbio auf italienischer Seite deutlich preiswertere Orte mit touristischer Infrastruktur. Wer noch etwas weiter bis Laveno f\u00e4hrt, kann dort mit der Korbseilbahn auf den majest\u00e4tischen Sasso del Ferro schweben und  eine fantastische Aussicht bis Mailand und zum Monterosa genie\u00dfen. Wer einfach nur baden m\u00f6chte, ist in Tenero am Besten aufgehoben.<\/p>\n\n\n\n<h2 class=\"wp-block-heading\">Lago di Lugano<\/h2>\n\n\n\n<p>Der Luganersee ist eher unbekannt und steht eindeutig zu Unrecht im Schatten der benachbarten Seen Lago Maggiore und Lago di Como. Mit Lugano gibt es auf schweizer Gebiet eine pittoreske Stadt am Seeufer, mit dem Monte Br\u00e9 und dem Monte San Salvatore gleich zwei per Standseilbahn erreichbare Berge mit atemberaubender Aussicht. Wer zum Baden kommt, ist im Lido die Lugano bestens aufgehoben.<\/p>\n\n\n\n<h2 class=\"wp-block-heading\">Neuenburgersee<\/h2>\n\n\n\n<p>Der Neuenburgersee &#8211; Lac de Neuch\u00e2tel &#8211; ist einer der gr\u00f6\u00dften Schweizer Seen und wirkt schon fast wie ein kleines schweizer Meer. Baden und Tauchen oder auch Surfen sind in dem klaren Wasser angesagte T\u00e4tigkeiten, aber auch Bootsfahrten werden angeboten. Sehenswert ist auch die Stadt Neuch\u00e2tel selbst. <\/p>\n\n\n\n<h2 class=\"wp-block-heading\">Genfersee mit Montreux<\/h2>\n\n\n\n<p>Queen-Fans d\u00fcrfte Montreux ein Begriff sein &#8211; befinden bzw. befanden sich hier doch die legend\u00e4ren &#8222;Mountain Studios&#8220; der legend\u00e4ren Band (diese sind im Video zum Titel &#8222;One Vision&#8220; zu sehen). Eine Freddie-Mercury-Statue am Ufer des Genfersees erinnert noch heute an den fr\u00fch verstorbenen ikonischen S\u00e4nger, hier legen auch heute noch Fans ihre Gr\u00fc\u00dfe oder Blumen ab. Der Genfersee selbst wirkt sehr mediterran, gleichwohl er am Rande der Alpen, unweit des Montblanc liegt. Er ist der gr\u00f6\u00dfte See der Schweiz und befindet sich zu Teilen auch auf franz\u00f6sischem Gebiet.<\/p>\n\n\n\n<h2 class=\"wp-block-heading\">Wandergebiet Wasserfallen bei Reigoldswil<\/h2>\n\n\n\n<p>Mit der Seilbahn geht&#8217;s ab Reigoldswil in wenigen Minuten auf die Wasserfallen, das Ende eine Tals im Schweizer Jura unweit von Basel. Hier oben bieten sich gem\u00fctliche Einkehr- und unz\u00e4hlige Wanderm\u00f6glichkeiten. Ein paar Meter weiter oben hat man zudem einen fantastischen Alpenblick. Wer talw\u00e4rts lieber am Boden bleiben will, kann mit dem Trottinett (Tretroller) zur\u00fcck ins Dorf fahren.<\/p>\n\n\n\n<p><a href=\"http:\/\/www.wasserfallen.ch\" data-type=\"URL\" data-id=\"www.wasserfallen.ch\" target=\"_blank\" rel=\"noreferrer noopener\">www.wasserfallen.ch<\/a><\/p>\n\n\n\n<h2 class=\"wp-block-heading\">Eiger, M\u00f6nch und Jungfrau \/ Jungfraujoch \/ Schilthorn<\/h2>\n\n\n\n<p>Etwa 2 Stunden Auto- oder 3 Stunden Bahnfahrt ab dem Dreil\u00e4ndereck entfernt liegt die Jungfrauregion. Das magische Dreisgestirn aus den Bergen Eiger, M\u00f6nch und Jungfrau gr\u00fc\u00dft bis nach S\u00fcdbaden und l\u00e4dt zum Ausflug. Egal ob Skifahren, Wandern oder Rodeln oder einfach nur die Fahrt aufs Jungfraujoch &#8211; jede Menge gibt&#8217;s zu erleben. Und James-Bond-Fans d\u00fcrfte eine Fahrt aufs Schilthorn gl\u00fccklich machen.<\/p>\n\n\n\n<p><em>Tipp: vorteilhafterweise per Bahn anreisen.<\/em><\/p>\n\n\n\n<h2 class=\"wp-block-heading\">Titlis<\/h2>\n\n\n\n<h2 class=\"wp-block-heading\">Zermatt mit Gornergrat und Matterhornblick<\/h2>\n\n\n\n<h2 class=\"wp-block-heading\">Blick zum Aletschgletscher vom Bettmerhorn oder Eggishorn im Wallis<\/h2>\n\n\n\n<h2 class=\"wp-block-heading\">P\u00e4ssefahrten (z.B. Gotthard, Grimsel, Furka, Oberalp&#8230;)<\/h2>\n","protected":false},"excerpt":{"rendered":"<p>Die Schweiz, bekannt als eines der sch\u00f6nsten L\u00e4nder der Welt und das ganz ohne Meereszugang. Doch: die Schweiz bietet trotzdem&#8230;<\/p>\n","protected":false},"author":1,"featured_media":0,"parent":5,"menu_order":4,"comment_status":"closed","ping_status":"closed","template":"","meta":{"footnotes":""},"class_list":["post-22","page","type-page","status-publish","hentry","post-archive"],"_links":{"self":[{"href":"http:\/\/robertbock.de\/3le\/wp-json\/wp\/v2\/pages\/22","targetHints":{"allow":["GET"]}}],"collection":[{"href":"http:\/\/robertbock.de\/3le\/wp-json\/wp\/v2\/pages"}],"about":[{"href":"http:\/\/robertbock.de\/3le\/wp-json\/wp\/v2\/types\/page"}],"author":[{"embeddable":true,"href":"http:\/\/robertbock.de\/3le\/wp-json\/wp\/v2\/users\/1"}],"replies":[{"embeddable":true,"href":"http:\/\/robertbock.de\/3le\/wp-json\/wp\/v2\/comments?post=22"}],"version-history":[{"count":15,"href":"http:\/\/robertbock.de\/3le\/wp-json\/wp\/v2\/pages\/22\/revisions"}],"predecessor-version":[{"id":295,"href":"http:\/\/robertbock.de\/3le\/wp-json\/wp\/v2\/pages\/22\/revisions\/295"}],"up":[{"embeddable":true,"href":"http:\/\/robertbock.de\/3le\/wp-json\/wp\/v2\/pages\/5"}],"wp:attachment":[{"href":"http:\/\/robertbock.de\/3le\/wp-json\/wp\/v2\/media?parent=22"}],"curies":[{"name":"wp","href":"https:\/\/api.w.org\/{rel}","templated":true}]}}