{"id":27,"date":"2022-07-14T12:30:23","date_gmt":"2022-07-14T10:30:23","guid":{"rendered":"http:\/\/robertbock.de\/3le\/?page_id=27"},"modified":"2022-07-27T19:44:17","modified_gmt":"2022-07-27T17:44:17","slug":"ueber-die-region","status":"publish","type":"page","link":"http:\/\/robertbock.de\/3le\/ueber-die-region\/","title":{"rendered":"\u00dcber die Region"},"content":{"rendered":"\n<p>Die Region, das Dreil\u00e4ndereck Deutschland\/Frankreich\/Schweiz, ist extrem vielseitig und nat\u00fcrlich multikulturell. Die Grenzen sind da, aber kaum sp\u00fcrbar &#8211; dem Schengen-Abkommen sei Dank. Es gibt in der Regel keine Grenz- und Zollkontrollen, wenn man ins Nachbarland reist. Arbeiten und\/oder Wohnen im jeweils anderen Land sind in der Region Alltag. Gleiches gilt f\u00fcr Eink\u00e4ufe oder die Freizeit. Ich betrachte das Ganze nat\u00fcrlich aus Sicht eines Bewohners der deutschen Seite.<\/p>\n\n\n\n<figure class=\"wp-block-image size-large\"><img loading=\"lazy\" decoding=\"async\" width=\"1024\" height=\"520\" src=\"http:\/\/robertbock.de\/3le\/wp-content\/uploads\/2022\/07\/20220714_211054_schmal-1024x520.jpg\" alt=\"\" class=\"wp-image-55\" srcset=\"http:\/\/robertbock.de\/3le\/wp-content\/uploads\/2022\/07\/20220714_211054_schmal-1024x520.jpg 1024w, http:\/\/robertbock.de\/3le\/wp-content\/uploads\/2022\/07\/20220714_211054_schmal-300x152.jpg 300w, http:\/\/robertbock.de\/3le\/wp-content\/uploads\/2022\/07\/20220714_211054_schmal-768x390.jpg 768w, http:\/\/robertbock.de\/3le\/wp-content\/uploads\/2022\/07\/20220714_211054_schmal-1536x781.jpg 1536w, http:\/\/robertbock.de\/3le\/wp-content\/uploads\/2022\/07\/20220714_211054_schmal-2048x1041.jpg 2048w, http:\/\/robertbock.de\/3le\/wp-content\/uploads\/2022\/07\/20220714_211054_schmal-1040x529.jpg 1040w, http:\/\/robertbock.de\/3le\/wp-content\/uploads\/2022\/07\/20220714_211054_schmal-640x325.jpg 640w\" sizes=\"auto, (max-width: 1024px) 100vw, 1024px\" \/><\/figure>\n\n\n\n<p>Unsere &#8222;Gro\u00dfstadt&#8220; ist die schweizer Messe- und Kunstmetropole Basel, unsere Fl\u00fcsse sind Rhein und Wiese und vielleicht noch die Kander. Unsere Gebirge sind der Schwarzwald, aber auch der Dinkelberg, der Hotzenwald, die Vogesen, der\/das Jura und nat\u00fcrlich die Alpen. In all diesen Bergen f\u00e4hrt man Ski, man wandert, man genie\u00dft die Aussicht (auch aufs jeweils andere Gebirge).<\/p>\n\n\n\n<p>Woran es von Natur aus mangelt? An Seen! Au\u00dfer ein paar (ehemaligen) Kiesgruben oder kleinen Bergseen ist Baden eigentlich nur im Schwimmbecken oder gegebenenfalls im Rhein (!) m\u00f6glich. Dass man hier gut baden kann, wussten schon die R\u00f6mer, deren Spuren an vielen Orten der Region sichtbar sind, auch in den zahlreichen &#8222;R\u00f6merstra\u00dfen&#8220; in diversen Orten. Die R\u00f6mer erkannten das hier nat\u00fcrlich sprudelnde Thermalwasser und schufen entsprechende Thermen wie zum Beispiel in Badenweiler. Andere Thermalquellen entdeckte man eher zuf\u00e4llig, wie jene in Bad Bellingen, welche bei Bohrungen nach \u00d6l gefunden wurde.<\/p>\n\n\n\n<p>Und die Menschen? Die Alteingesessenen m\u00f6gen einem manchmal zuerst etwas knorrig vorkommen, vor allem je weiter man in die Tiefen des Schwarzwaldes vordringt. Aber oft auch schon beim ersten pers\u00f6nlicheren Kontakt wird man schon ins Herz geschlossen. Im \u00dcbrigen habe ich &#8222;hier unten&#8220; gelernt, dass man beim Einkaufen auch &#8222;Hallo&#8220; oder &#8222;Solli&#8220; und &#8222;Tsch\u00fcss&#8220; sagen kann statt dem in meiner Heimat \u00fcblichen f\u00f6rmlichen &#8222;Guten Tag&#8220; und &#8222;Auf Wiedersehen&#8220;. Irritieren tut mich noch heute, dass man sich auch nach 14 Uhr noch &#8222;\u00c4 scheene Middag&#8220; w\u00fcnscht, denn der Nachmittag ist in S\u00fcdbaden auch einfach &#8222;Mittag&#8220;.<\/p>\n\n\n\n<p>Auffallend ist die Sprache: Alemannisch ist in allen drei L\u00e4ndern die Grundlage, in S\u00fcdbaden hei\u00dft der Dialekt auch so, in der Schweiz ist es nat\u00fcrlich Schwyzerd\u00fctsch und im Elsass Els\u00e4sserd\u00fctsch, wobei aufgrund historischer Entwicklungen dort kaum jemand diese Sprach spricht &#8211; Franz\u00f6sisch ist angesagt!<\/p>\n\n\n\n<p>Das Alemannische ist seltsam, ich halte mich f\u00fcr relativ sprachbegabt, aber Alemannisch kann ich auch nach 14 Jahren Dreil\u00e4ndereck nicht. Ich verstehe es weitestgehend, aber sprechen&#8230;nein. Allerdings habe ich mir auch die &#8222;sch&#8220;-W\u00f6rter angew\u00f6hnt: &#8222;weisch&#8220;, &#8222;h\u00e4sch&#8220;, &#8222;muesch&#8220;, &#8222;kannsch&#8220;&#8230; . Und inzwischen verabschiede ich mich auch des\u00f6fteren mit &#8222;\u00c4 scheene (no)&#8220;, was soviel bedeutet wie &#8222;Einen sch\u00f6nen Tag noch&#8220; (man kennt dies z.B. aus dem Italienischen als &#8222;Buona giornata&#8220;).<\/p>\n\n\n\n<p>Klingt alles toll? Alles ist toll? Nein, nat\u00fcrlich gibt es auch Konflikte, wo verschiedene Kulturen aufeinandertreffen. Vor allem Schweizer und Deutsche be\u00e4ugen sich gegenseitig mit Skepsis. Die Vorurteile sind dabei paradoxerweise die selben: arrogant, unfreundlich, geizig, laut. Es scheint, als schaue der Els\u00e4sser dem vergn\u00fcgt zu, ist er doch sprachlich eher am Schweizerdeutschen, von der Mentalit\u00e4t her eher am Deutschen dran.<\/p>\n\n\n\n<p>weiterlesen:<\/p>\n\n\n\n<ul class=\"wp-block-list\"><li><a href=\"http:\/\/robertbock.de\/3le\/ueber-die-region\/ueber-den-landkreis-loerrach\/\" data-type=\"URL\" data-id=\"http:\/\/robertbock.de\/3le\/ueber-die-region\/ueber-den-landkreis-loerrach\/\">\u00fcber den Landkreis L\u00f6rrach<\/a><\/li><li><a href=\"http:\/\/robertbock.de\/3le\/ueber-die-region\/ueber-das-oberelsass\/\" data-type=\"URL\" data-id=\"http:\/\/robertbock.de\/3le\/ueber-die-region\/ueber-das-oberelsass\/\">\u00fcber das Oberelsass<\/a> &#8211; <em>noch in Arbeit<\/em><\/li><li><a href=\"http:\/\/robertbock.de\/3le\/ueber-die-region\/ueber-die-nordwestschweiz\/\" data-type=\"URL\" data-id=\"http:\/\/robertbock.de\/3le\/ueber-die-region\/ueber-die-nordwestschweiz\/\">\u00fcber die Nordwestschweiz<\/a> &#8211; <em>noch in Arbeit<\/em><\/li><\/ul>\n","protected":false},"excerpt":{"rendered":"<p>Die Region, das Dreil\u00e4ndereck Deutschland\/Frankreich\/Schweiz, ist extrem vielseitig und nat\u00fcrlich multikulturell. Die Grenzen sind da, aber kaum sp\u00fcrbar &#8211; dem&#8230;<\/p>\n","protected":false},"author":1,"featured_media":0,"parent":0,"menu_order":0,"comment_status":"closed","ping_status":"closed","template":"","meta":{"footnotes":""},"class_list":["post-27","page","type-page","status-publish","hentry","post-archive"],"_links":{"self":[{"href":"http:\/\/robertbock.de\/3le\/wp-json\/wp\/v2\/pages\/27","targetHints":{"allow":["GET"]}}],"collection":[{"href":"http:\/\/robertbock.de\/3le\/wp-json\/wp\/v2\/pages"}],"about":[{"href":"http:\/\/robertbock.de\/3le\/wp-json\/wp\/v2\/types\/page"}],"author":[{"embeddable":true,"href":"http:\/\/robertbock.de\/3le\/wp-json\/wp\/v2\/users\/1"}],"replies":[{"embeddable":true,"href":"http:\/\/robertbock.de\/3le\/wp-json\/wp\/v2\/comments?post=27"}],"version-history":[{"count":9,"href":"http:\/\/robertbock.de\/3le\/wp-json\/wp\/v2\/pages\/27\/revisions"}],"predecessor-version":[{"id":206,"href":"http:\/\/robertbock.de\/3le\/wp-json\/wp\/v2\/pages\/27\/revisions\/206"}],"wp:attachment":[{"href":"http:\/\/robertbock.de\/3le\/wp-json\/wp\/v2\/media?parent=27"}],"curies":[{"name":"wp","href":"https:\/\/api.w.org\/{rel}","templated":true}]}}

Über die Region

<p>Die Region, das Dreiländereck Deutschland/Frankreich/Schweiz, ist extrem vielseitig und natürlich multikulturell. Die Grenzen sind da, aber kaum spürbar &#8211; dem Schengen-Abkommen sei Dank. Es gibt in der Regel keine Grenz- und Zollkontrollen, wenn man ins Nachbarland reist. Arbeiten und/oder Wohnen im jeweils anderen Land sind in der Region Alltag. Gleiches gilt für Einkäufe oder die Freizeit. Ich betrachte das Ganze natürlich aus Sicht eines Bewohners der deutschen Seite.</p>



<figure class="wp-block-image size-large"><img loading="lazy" decoding="async" width="1024" height="520" src="http://robertbock.de/3le/wp-content/uploads/2022/07/20220714_211054_schmal-1024x520.jpg" alt="" class="wp-image-55" srcset="http://robertbock.de/3le/wp-content/uploads/2022/07/20220714_211054_schmal-1024x520.jpg 1024w, http://robertbock.de/3le/wp-content/uploads/2022/07/20220714_211054_schmal-300x152.jpg 300w, http://robertbock.de/3le/wp-content/uploads/2022/07/20220714_211054_schmal-768x390.jpg 768w, http://robertbock.de/3le/wp-content/uploads/2022/07/20220714_211054_schmal-1536x781.jpg 1536w, http://robertbock.de/3le/wp-content/uploads/2022/07/20220714_211054_schmal-2048x1041.jpg 2048w, http://robertbock.de/3le/wp-content/uploads/2022/07/20220714_211054_schmal-1040x529.jpg 1040w, http://robertbock.de/3le/wp-content/uploads/2022/07/20220714_211054_schmal-640x325.jpg 640w" sizes="auto, (max-width: 1024px) 100vw, 1024px" /></figure>



<p>Unsere &#8222;Großstadt&#8220; ist die schweizer Messe- und Kunstmetropole Basel, unsere Flüsse sind Rhein und Wiese und vielleicht noch die Kander. Unsere Gebirge sind der Schwarzwald, aber auch der Dinkelberg, der Hotzenwald, die Vogesen, der/das Jura und natürlich die Alpen. In all diesen Bergen fährt man Ski, man wandert, man genießt die Aussicht (auch aufs jeweils andere Gebirge).</p>



<p>Woran es von Natur aus mangelt? An Seen! Außer ein paar (ehemaligen) Kiesgruben oder kleinen Bergseen ist Baden eigentlich nur im Schwimmbecken oder gegebenenfalls im Rhein (!) möglich. Dass man hier gut baden kann, wussten schon die Römer, deren Spuren an vielen Orten der Region sichtbar sind, auch in den zahlreichen &#8222;Römerstraßen&#8220; in diversen Orten. Die Römer erkannten das hier natürlich sprudelnde Thermalwasser und schufen entsprechende Thermen wie zum Beispiel in Badenweiler. Andere Thermalquellen entdeckte man eher zufällig, wie jene in Bad Bellingen, welche bei Bohrungen nach Öl gefunden wurde.</p>



<p>Und die Menschen? Die Alteingesessenen mögen einem manchmal zuerst etwas knorrig vorkommen, vor allem je weiter man in die Tiefen des Schwarzwaldes vordringt. Aber oft auch schon beim ersten persönlicheren Kontakt wird man schon ins Herz geschlossen. Im Übrigen habe ich &#8222;hier unten&#8220; gelernt, dass man beim Einkaufen auch &#8222;Hallo&#8220; oder &#8222;Solli&#8220; und &#8222;Tschüss&#8220; sagen kann statt dem in meiner Heimat üblichen förmlichen &#8222;Guten Tag&#8220; und &#8222;Auf Wiedersehen&#8220;. Irritieren tut mich noch heute, dass man sich auch nach 14 Uhr noch &#8222;Ä scheene Middag&#8220; wünscht, denn der Nachmittag ist in Südbaden auch einfach &#8222;Mittag&#8220;.</p>



<p>Auffallend ist die Sprache: Alemannisch ist in allen drei Ländern die Grundlage, in Südbaden heißt der Dialekt auch so, in der Schweiz ist es natürlich Schwyzerdütsch und im Elsass Elsässerdütsch, wobei aufgrund historischer Entwicklungen dort kaum jemand diese Sprach spricht &#8211; Französisch ist angesagt!</p>



<p>Das Alemannische ist seltsam, ich halte mich für relativ sprachbegabt, aber Alemannisch kann ich auch nach 14 Jahren Dreiländereck nicht. Ich verstehe es weitestgehend, aber sprechen&#8230;nein. Allerdings habe ich mir auch die &#8222;sch&#8220;-Wörter angewöhnt: &#8222;weisch&#8220;, &#8222;häsch&#8220;, &#8222;muesch&#8220;, &#8222;kannsch&#8220;&#8230; . Und inzwischen verabschiede ich mich auch desöfteren mit &#8222;Ä scheene (no)&#8220;, was soviel bedeutet wie &#8222;Einen schönen Tag noch&#8220; (man kennt dies z.B. aus dem Italienischen als &#8222;Buona giornata&#8220;).</p>



<p>Klingt alles toll? Alles ist toll? Nein, natürlich gibt es auch Konflikte, wo verschiedene Kulturen aufeinandertreffen. Vor allem Schweizer und Deutsche beäugen sich gegenseitig mit Skepsis. Die Vorurteile sind dabei paradoxerweise die selben: arrogant, unfreundlich, geizig, laut. Es scheint, als schaue der Elsässer dem vergnügt zu, ist er doch sprachlich eher am Schweizerdeutschen, von der Mentalität her eher am Deutschen dran.</p>



<p>weiterlesen:</p>



<ul class="wp-block-list"><li><a href="http://robertbock.de/3le/ueber-die-region/ueber-den-landkreis-loerrach/" data-type="URL" data-id="http://robertbock.de/3le/ueber-die-region/ueber-den-landkreis-loerrach/">über den Landkreis Lörrach</a></li><li><a href="http://robertbock.de/3le/ueber-die-region/ueber-das-oberelsass/" data-type="URL" data-id="http://robertbock.de/3le/ueber-die-region/ueber-das-oberelsass/">über das Oberelsass</a> &#8211; <em>noch in Arbeit</em></li><li><a href="http://robertbock.de/3le/ueber-die-region/ueber-die-nordwestschweiz/" data-type="URL" data-id="http://robertbock.de/3le/ueber-die-region/ueber-die-nordwestschweiz/">über die Nordwestschweiz</a> &#8211; <em>noch in Arbeit</em></li></ul>

<p>Die Region, das Dreiländereck Deutschland/Frankreich/Schweiz, ist extrem vielseitig und natürlich multikulturell. Die Grenzen sind da, aber kaum spürbar &#8211; dem&#8230;</p>
