{"id":31,"date":"2022-07-14T12:31:59","date_gmt":"2022-07-14T10:31:59","guid":{"rendered":"http:\/\/robertbock.de\/3le\/?page_id=31"},"modified":"2022-07-27T19:47:48","modified_gmt":"2022-07-27T17:47:48","slug":"ueber-den-landkreis-loerrach","status":"publish","type":"page","link":"http:\/\/robertbock.de\/3le\/ueber-die-region\/ueber-den-landkreis-loerrach\/","title":{"rendered":"\u00dcber den Landkreis L\u00f6rrach"},"content":{"rendered":"\n<p>Der Landkreis L\u00f6rrach erstreckt sich als s\u00fcdwestlichster Kreis Deutschlands vom Feldbergpass im Hochschwarzwald nach S\u00fcden bis an die schweizer Grenze und nach S\u00fcd-Westen bis an die franz\u00f6sische Grenze, welche das Kreisgebiet betreffend beide weitestgehend (au\u00dfer im Kanton Basel-Stadt) dem Rhein folgen. Entsprechend abwechslungsreich ist die Natur: w\u00e4hrend es rund um Feldberg, Herzogenhorn und Belchen durchaus alpin ist, ist es in der Oberrheinische Tiefebene zwischen dem Dreil\u00e4ndereck und Schliengen im Sommer schon fast mediterran. Nicht Umsonst tr\u00e4gt das Markgr\u00e4flerland, der Bereich zwischen Rhein und Schwarzwald zwischen dem Dreil\u00e4ndereck und dem Breisgau, den inoffiziellen Beinamen &#8222;Toskana Deutschlands&#8220;.<\/p>\n\n\n\n<p>W\u00e4hrend im Schwarzwald sogar ganz passabel Ski gefahren werden kann, wird im Rhein sogar gebadet, wird im Markgr\u00e4flerland Landwirtschaft und Weinbau betrieben. Badische Weine z\u00e4hlen zu den besten Deutschlands &#8211; und jene aus dem Markgr\u00e4flerland bekommen die meiste Sonne ab.<\/p>\n\n\n\n<p>Der Landkreis L\u00f6rrach bzw. dessen Bewohner gelten als eher wohlhabend, die Arbeitspl\u00e4tze in der Schweiz bringen hohe Geh\u00e4lter und hohe Kaufkraft in die Region. \u00dcberall ist es trinational, je mehr man sich aber vom Dreil\u00e4ndereck entfernt, desto weniger Franzosen oder Schweizer sieht man aber.<\/p>\n\n\n\n<p>Die Lage im Schutze der Gebirge Jura, Vogesen und Schwarzwald bringt ein mildes, eher trockenes Klima mit sich, nicht selten kommen warme Str\u00f6mungen \u00fcber die &#8222;Burgunderpforte&#8220; ins Dreil\u00e4ndereck. Auch der sogenannte &#8222;M\u00f6hlinjet&#8220; bl\u00e4st gerade in den k\u00e4lteren Monaten gern den Hochnebel weg und sorgt f\u00fcr klare Sicht auf die Alpen. <\/p>\n\n\n\n<p>Alles in Allem ist der Landkreis L\u00f6rrach eine untersch\u00e4tzte Urlaubsregion, denn hier ist der Schwarzwald noch authentisch und nicht kitschig-\u00fcbertrieben wie in Titisee oder Triberg. Wer die wahre Kraft dieses Gebirges sp\u00fcren m\u00f6chte, muss sich s\u00fcdlich des Feldbergs bewegen. Wer Wein liebt, ins Markgr\u00e4flerland reisen und wer gern gut isst, ist fast \u00fcberall gut aufgehoben. Und mit Familien ist ein Urlaub im Landkreis L\u00f6rrach immer zu empfehlen &#8211; im Sommer wie im Winter.<\/p>\n","protected":false},"excerpt":{"rendered":"<p>Der Landkreis L\u00f6rrach erstreckt sich als s\u00fcdwestlichster Kreis Deutschlands vom Feldbergpass im Hochschwarzwald nach S\u00fcden bis an die schweizer Grenze&#8230;<\/p>\n","protected":false},"author":1,"featured_media":0,"parent":27,"menu_order":1,"comment_status":"closed","ping_status":"closed","template":"","meta":{"footnotes":""},"class_list":["post-31","page","type-page","status-publish","hentry","post-archive"],"_links":{"self":[{"href":"http:\/\/robertbock.de\/3le\/wp-json\/wp\/v2\/pages\/31","targetHints":{"allow":["GET"]}}],"collection":[{"href":"http:\/\/robertbock.de\/3le\/wp-json\/wp\/v2\/pages"}],"about":[{"href":"http:\/\/robertbock.de\/3le\/wp-json\/wp\/v2\/types\/page"}],"author":[{"embeddable":true,"href":"http:\/\/robertbock.de\/3le\/wp-json\/wp\/v2\/users\/1"}],"replies":[{"embeddable":true,"href":"http:\/\/robertbock.de\/3le\/wp-json\/wp\/v2\/comments?post=31"}],"version-history":[{"count":3,"href":"http:\/\/robertbock.de\/3le\/wp-json\/wp\/v2\/pages\/31\/revisions"}],"predecessor-version":[{"id":117,"href":"http:\/\/robertbock.de\/3le\/wp-json\/wp\/v2\/pages\/31\/revisions\/117"}],"up":[{"embeddable":true,"href":"http:\/\/robertbock.de\/3le\/wp-json\/wp\/v2\/pages\/27"}],"wp:attachment":[{"href":"http:\/\/robertbock.de\/3le\/wp-json\/wp\/v2\/media?parent=31"}],"curies":[{"name":"wp","href":"https:\/\/api.w.org\/{rel}","templated":true}]}}

Über den Landkreis Lörrach

<p>Der Landkreis Lörrach erstreckt sich als südwestlichster Kreis Deutschlands vom Feldbergpass im Hochschwarzwald nach Süden bis an die schweizer Grenze und nach Süd-Westen bis an die französische Grenze, welche das Kreisgebiet betreffend beide weitestgehend (außer im Kanton Basel-Stadt) dem Rhein folgen. Entsprechend abwechslungsreich ist die Natur: während es rund um Feldberg, Herzogenhorn und Belchen durchaus alpin ist, ist es in der Oberrheinische Tiefebene zwischen dem Dreiländereck und Schliengen im Sommer schon fast mediterran. Nicht Umsonst trägt das Markgräflerland, der Bereich zwischen Rhein und Schwarzwald zwischen dem Dreiländereck und dem Breisgau, den inoffiziellen Beinamen &#8222;Toskana Deutschlands&#8220;.</p>



<p>Während im Schwarzwald sogar ganz passabel Ski gefahren werden kann, wird im Rhein sogar gebadet, wird im Markgräflerland Landwirtschaft und Weinbau betrieben. Badische Weine zählen zu den besten Deutschlands &#8211; und jene aus dem Markgräflerland bekommen die meiste Sonne ab.</p>



<p>Der Landkreis Lörrach bzw. dessen Bewohner gelten als eher wohlhabend, die Arbeitsplätze in der Schweiz bringen hohe Gehälter und hohe Kaufkraft in die Region. Überall ist es trinational, je mehr man sich aber vom Dreiländereck entfernt, desto weniger Franzosen oder Schweizer sieht man aber.</p>



<p>Die Lage im Schutze der Gebirge Jura, Vogesen und Schwarzwald bringt ein mildes, eher trockenes Klima mit sich, nicht selten kommen warme Strömungen über die &#8222;Burgunderpforte&#8220; ins Dreiländereck. Auch der sogenannte &#8222;Möhlinjet&#8220; bläst gerade in den kälteren Monaten gern den Hochnebel weg und sorgt für klare Sicht auf die Alpen. </p>



<p>Alles in Allem ist der Landkreis Lörrach eine unterschätzte Urlaubsregion, denn hier ist der Schwarzwald noch authentisch und nicht kitschig-übertrieben wie in Titisee oder Triberg. Wer die wahre Kraft dieses Gebirges spüren möchte, muss sich südlich des Feldbergs bewegen. Wer Wein liebt, ins Markgräflerland reisen und wer gern gut isst, ist fast überall gut aufgehoben. Und mit Familien ist ein Urlaub im Landkreis Lörrach immer zu empfehlen &#8211; im Sommer wie im Winter.</p>

<p>Der Landkreis Lörrach erstreckt sich als südwestlichster Kreis Deutschlands vom Feldbergpass im Hochschwarzwald nach Süden bis an die schweizer Grenze&#8230;</p>
