{"id":35,"date":"2022-07-14T12:32:43","date_gmt":"2022-07-14T10:32:43","guid":{"rendered":"http:\/\/robertbock.de\/3le\/?page_id=35"},"modified":"2022-07-27T11:33:12","modified_gmt":"2022-07-27T09:33:12","slug":"ueber-den-autor","status":"publish","type":"page","link":"http:\/\/robertbock.de\/3le\/ueber-den-autor\/","title":{"rendered":"\u00dcber den Autor \/ Impressum"},"content":{"rendered":"<div class=\"wp-block-image\">\n<figure class=\"alignleft size-large is-resized\"><img loading=\"lazy\" decoding=\"async\" src=\"http:\/\/robertbock.de\/3le\/wp-content\/uploads\/2022\/07\/Robert-Bild-768x1024.jpg\" alt=\"\" class=\"wp-image-47\" width=\"252\" height=\"336\" srcset=\"http:\/\/robertbock.de\/3le\/wp-content\/uploads\/2022\/07\/Robert-Bild-768x1024.jpg 768w, http:\/\/robertbock.de\/3le\/wp-content\/uploads\/2022\/07\/Robert-Bild-225x300.jpg 225w, http:\/\/robertbock.de\/3le\/wp-content\/uploads\/2022\/07\/Robert-Bild-1152x1536.jpg 1152w, http:\/\/robertbock.de\/3le\/wp-content\/uploads\/2022\/07\/Robert-Bild-1536x2048.jpg 1536w, http:\/\/robertbock.de\/3le\/wp-content\/uploads\/2022\/07\/Robert-Bild-1040x1386.jpg 1040w, http:\/\/robertbock.de\/3le\/wp-content\/uploads\/2022\/07\/Robert-Bild-640x853.jpg 640w, http:\/\/robertbock.de\/3le\/wp-content\/uploads\/2022\/07\/Robert-Bild.jpg 1772w\" sizes=\"auto, (max-width: 252px) 100vw, 252px\" \/><figcaption>Der Autor im Bilde.<\/figcaption><\/figure>\n<\/div>\n\n\n<p>Ich, Robert Bock, lebe seit Oktober 2008 in S\u00fcdbaden im Landkreis L\u00f6rrach. Hergezogen bin ich aus beruflichen Gr\u00fcnden, inzwischen bin ich fest verwurzelt, mit einer Einheimischen verheiratet, in zwei Vereinen aktiv und ich kann mir kaum einen sch\u00f6neren Ort zum Leben vorstellen.<\/p>\n\n\n\n<p>Wir leben mit 2 Kindern in einem Eigenheim in Hauingen, einem Ortsteil von L\u00f6rrach. Beruflich t\u00e4tig bin ich als Lokf\u00fchrer in Deutschland und der Schweiz, wobei das Anstellungsverh\u00e4ltnis bei einem Schweizer Unternehmen mit Arbeitsort Basel besteht. Ein richtiger Grenzg\u00e4nger also.<\/p>\n\n\n\n<p><\/p>\n\n\n\n<p><\/p>\n\n\n\n<h2 class=\"wp-block-heading\"><strong>Impressum:<\/strong><\/h2>\n\n\n\n<figure class=\"wp-block-table\"><table><tbody><tr><td class=\"has-text-align-center\" data-align=\"center\"><strong>Betreiber der Website: <\/strong><\/td><td>Robert Bock, Am Dorfbach 6e, 79541 L\u00f6rrach, Tel 0178-1380263, Email:  post@robertbock.de<\/td><\/tr><tr><td class=\"has-text-align-center\" data-align=\"center\"><\/td><td><\/td><\/tr><tr><td class=\"has-text-align-center\" data-align=\"center\"><strong>Zweck der Website:<\/strong><\/td><td>Ausflugs- und Freizeittipps f\u00fcr Bewohner und Besucher des Landkreises L\u00f6rrach. Nicht kommerzielle, private Website.<\/td><\/tr><tr><td class=\"has-text-align-center\" data-align=\"center\"><\/td><td><\/td><\/tr><tr><td class=\"has-text-align-center\" data-align=\"center\"><strong>Disclaimer:<\/strong><\/td><td><em>1. Warnhinweise zu Inhalten<br><\/em><br>Die kostenlosen und frei zug\u00e4nglichen Inhalte dieser Webseite wurden mit gr\u00f6\u00dftm\u00f6glicher Sorgfalt erstellt. Der\u00a0Betreibe \u00fcbernimmt jedoch keine Gew\u00e4hr f\u00fcr die Richtigkeit und Aktualit\u00e4t der bereitgestellten kostenlosen und frei zug\u00e4nglichen Informationen auf dieser Webseite. Bewertende Aussagen geben die Meinung des Betreibers oder von Informanten wieder.<br><br><em>Externe Links<br><\/em><br>Diese Website enth\u00e4lt Verkn\u00fcpfungen zu Websites Dritter (&#8222;externe Links&#8220;). Diese Websites unterliegen der Haftung der jeweiligen Betreiber. Der Betreiber hat bei der erstmaligen Verkn\u00fcpfung der externen Links die fremden Inhalte daraufhin \u00fcberpr\u00fcft, ob etwaige Rechtsverst\u00f6\u00dfe bestehen. Zu dem Zeitpunkt waren keine Rechtsverst\u00f6\u00dfe ersichtlich. Der Betreiber hat keinerlei Einfluss auf die aktuelle und zuk\u00fcnftige Gestaltung und auf die Inhalte der verkn\u00fcpften Seiten. Das Setzen von externen Links bedeutet nicht, dass sich der Anbieter die hinter dem Verweis oder Link liegenden Inhalte zu Eigen macht. Eine st\u00e4ndige Kontrolle der externen Links ist f\u00fcr den Betreiber ohne konkrete Hinweise auf Rechtsverst\u00f6\u00dfe nicht zumutbar. Bei Kenntnis von Rechtsverst\u00f6\u00dfen werden jedoch derartige externe Links unverz\u00fcglich gel\u00f6scht.<br><br><em>Urheber- und Leistungsschutzrechte<br><\/em><br>Die auf dieser Website ver\u00f6ffentlichten Inhalte unterliegen dem deutschen Urheber- und Leistungsschutzrecht. Jede vom deutschen Urheber- und Leistungsschutzrecht nicht zugelassene Verwertung bedarf der vorherigen schriftlichen Zustimmung des Betreibers oder des jeweiligen Rechteinhabers. Dies gilt insbesondere f\u00fcr Vervielf\u00e4ltigung, Bearbeitung, \u00dcbersetzung, Einspeicherung, Verarbeitung bzw. Wiedergabe von Inhalten in Datenbanken oder anderen elektronischen Medien und Systemen. Inhalte und Rechte Dritter sind dabei als solche gekennzeichnet. Die unerlaubte Vervielf\u00e4ltigung oder Weitergabe einzelner Inhalte oder kompletter Seiten ist nicht gestattet und strafbar. Lediglich die Herstellung von Kopien und Downloads f\u00fcr den pers\u00f6nlichen, privaten und nicht kommerziellen Gebrauch ist erlaubt. Die Darstellung dieser Website in fremden Frames ist nur mit schriftlicher Erlaubnis zul\u00e4ssig.<br><br><em>Fotos<\/em><br><br>Die Personen, die auf den in den Seiten verwendeten Fotografien dargestellt sind, haben Ihre Erlaubnis f\u00fcr die Pr\u00e4sentation im Internet erteilt bzw. sind unkenntlich (gemacht worden). Selbstverst\u00e4ndlich kann diese Genehmigung jederzeit &#8211; bitte in schriftlicher Form unter Angabe des Standortes der betreffenden Fotografie &#8211; widerrufen werden.<br><br><em>Besondere Nutzungsbedingungen<br><\/em><br>Soweit besondere Bedingungen f\u00fcr einzelne Nutzungen dieser Website von den vorgenannten Nummern 1. bis 4. abweichen, wird an entsprechender Stelle ausdr\u00fccklich darauf hingewiesen. In diesem Falle gelten im jeweiligen Einzelfall die besonderen Nutzungsbedingungen.<br>Quelle:\u00a0<a rel=\"noreferrer noopener\" href=\"https:\/\/www.juraforum.de\/\" target=\"_blank\">juraforum.de<\/a><br><\/td><\/tr><\/tbody><\/table><\/figure>\n\n\n\n<p><\/p>\n","protected":false},"excerpt":{"rendered":"<p>Ich, Robert Bock, lebe seit Oktober 2008 in S\u00fcdbaden im Landkreis L\u00f6rrach. Hergezogen bin ich aus beruflichen Gr\u00fcnden, inzwischen bin&#8230;<\/p>\n","protected":false},"author":1,"featured_media":0,"parent":0,"menu_order":10,"comment_status":"closed","ping_status":"closed","template":"","meta":{"footnotes":""},"class_list":["post-35","page","type-page","status-publish","hentry","post-archive"],"_links":{"self":[{"href":"http:\/\/robertbock.de\/3le\/wp-json\/wp\/v2\/pages\/35","targetHints":{"allow":["GET"]}}],"collection":[{"href":"http:\/\/robertbock.de\/3le\/wp-json\/wp\/v2\/pages"}],"about":[{"href":"http:\/\/robertbock.de\/3le\/wp-json\/wp\/v2\/types\/page"}],"author":[{"embeddable":true,"href":"http:\/\/robertbock.de\/3le\/wp-json\/wp\/v2\/users\/1"}],"replies":[{"embeddable":true,"href":"http:\/\/robertbock.de\/3le\/wp-json\/wp\/v2\/comments?post=35"}],"version-history":[{"count":6,"href":"http:\/\/robertbock.de\/3le\/wp-json\/wp\/v2\/pages\/35\/revisions"}],"predecessor-version":[{"id":187,"href":"http:\/\/robertbock.de\/3le\/wp-json\/wp\/v2\/pages\/35\/revisions\/187"}],"wp:attachment":[{"href":"http:\/\/robertbock.de\/3le\/wp-json\/wp\/v2\/media?parent=35"}],"curies":[{"name":"wp","href":"https:\/\/api.w.org\/{rel}","templated":true}]}}