{"id":39,"date":"2022-07-14T12:34:29","date_gmt":"2022-07-14T10:34:29","guid":{"rendered":"http:\/\/robertbock.de\/3le\/?page_id=39"},"modified":"2022-08-06T21:52:31","modified_gmt":"2022-08-06T19:52:31","slug":"mit-kindern-ins-restaurant","status":"publish","type":"page","link":"http:\/\/robertbock.de\/3le\/essen-und-trinken\/mit-kindern-ins-restaurant\/","title":{"rendered":"Mit Kindern ins Restaurant"},"content":{"rendered":"\n<p>Diese Seite befindet sich in st\u00e4ndiger Erweiterung.<\/p>\n\n\n\n<p>Kinderfreundliche Restaurants sind f\u00fcr Familien mit Kindern sehr wichtig. Wei\u00df man doch, dass die Kinder hier nicht als st\u00f6rend empfunden werden. Zudem bieten derartige Restaurants Spielpl\u00e4tze oder Spielecken oder einfach die M\u00f6glichkeit, drau\u00dfen herumzutoben. Hier m\u00f6chte das Dreil\u00e4ndereckchen einige solche Restaurants\/Caf\u00e9s im Landkreis L\u00f6rrach und Umgebung auflisten. Gern nehme ich weitere Restaurants auf, hierzu einfach eine Mail an post@robertbock.de &#8211; es geht hierbei um Restaurants <strong>mit Spielplatz\/Spielecke<\/strong>!<\/p>\n\n\n\n<p><strong>Weintreff Gunzenhauser Buggingen-Seefelden (Kreis Breisgau-Hochschwarzwald)<\/strong><\/p>\n\n\n\n<p>Das gem\u00fctliche Lokal, eine gro\u00df gewordene &#8222;Strau\u00dfi&#8220; bietet s\u00fcdbadische Hausmannskost zu fairen Preisen und neben anderen Getr\u00e4nken auch eigenen Wein. Gro\u00dfer Pluspunkt ist auch der sch\u00f6ne Spielplatz direkt bei der Terrasse (Tipp: Platz dort vorab reservieren) und die Go-Kart-Bahn (Go Karts sind in diesem Falle &#8222;Tretautos&#8220;)<\/p>\n\n\n\n<p><a href=\"https:\/\/www.weintreff-gunzenhauser.de\/\" data-type=\"URL\" data-id=\"https:\/\/www.weintreff-gunzenhauser.de\/\" target=\"_blank\" rel=\"noreferrer noopener\">www.weintreff-gunzenhauser.de<\/a><\/p>\n\n\n\n<p><strong>Grill Drill L\u00f6rrach-Haagen<\/strong><\/p>\n\n\n\n<p>Der einzigartige Grieche am Sportplatz der L\u00f6rracher Ortsteils Haagen hat direkt neben dem Restaurant auf einer Wiese zahlreiche Spielger\u00e4te, Schaukeln, Kletterm\u00f6glichkeiten aufgestellt, so k\u00f6nnen sich die Kinder austoben. <\/p>\n\n\n\n<p><a href=\"http:\/\/www.grill-drill.de\/\" data-type=\"URL\" data-id=\"http:\/\/www.grill-drill.de\/\" target=\"_blank\" rel=\"noreferrer noopener\">www.grill-drill.de<\/a><\/p>\n\n\n\n<p><strong>Sch\u00fctzenhaus L\u00f6rrach-Hauingen<\/strong><\/p>\n\n\n\n<p>Das Sch\u00fctzenhaus unterhalb des Rechbergs im Tal des Soormattbaches im L\u00f6rracher Ortsteil Hauingen hat neben der Terrasse einen kleinen Spielplatz f\u00fcr die Kinder. Zudem bietet das direkt am Wald gelegene Lokal auch naturgemachten Spielspa\u00df in Form des Waldrandes.<\/p>\n\n\n\n<p><a href=\"http:\/\/www.wirtschaftschuetzenhaus.de\" data-type=\"URL\" data-id=\"www.wirtschaftschuetzenhaus.de\" target=\"_blank\" rel=\"noreferrer noopener\">www.wirtschaftschuetzenhaus.de<\/a><\/p>\n\n\n\n<p><strong>Weingut F\u00fcnfschilling Fischingen<\/strong><\/p>\n\n\n\n<p>Ein Klassiker f\u00fcr Familien ist das &#8222;F\u00fcnfschilling&#8220; am s\u00fcdlichen Ortsrand von Fischingen. Geboten werden Fr\u00fchst\u00fcck, gutb\u00fcrgerliche K\u00fcche (allerdings auf Systemgastronomie-Basis) und fallweise auch Brunch (wenn ich mich recht erinnere). An die Terrasse schlie\u00dft ein schattiger Abenteuerspielplatz an. Einziges Manko: er ist nicht zu Parkplatz\/Stra\u00dfe hin abgegrenzt. <\/p>\n\n\n\n<p><a href=\"http:\/\/www.fuenfschilling.de\" data-type=\"URL\" data-id=\"www.fuenfschilling.de\" target=\"_blank\" rel=\"noreferrer noopener\">www.fuenfschilling.de<\/a><\/p>\n\n\n\n<p><strong>Dinkelberger Bierg\u00e4rdle Rheinfelden-Adelhausen<\/strong><\/p>\n\n\n\n<p>Das abseits gelegene, in einer Art Botanischer Garten gelegene Lokal ist von Rheinfelden-Adelhausen (Parkplatz am n\u00f6rdlichen Ortsrand) binnen 10 min zu Fu\u00df ereichbar. Es hat einen kleinen Spielplatz und eine dichte Vegetation, in der es sich herrlich verstecken l\u00e4sst. <\/p>\n\n\n\n<p><em>Anmerkung: die Spielger\u00e4te waren beim letzten Besuch 2019 in schlechtem Zustand<\/em><\/p>\n\n\n\n<p><a href=\"http:\/\/www.biergaerdle.de\/\" data-type=\"URL\" data-id=\"http:\/\/www.biergaerdle.de\/\" target=\"_blank\" rel=\"noreferrer noopener\">www.biergaerdle.de<\/a><\/p>\n","protected":false},"excerpt":{"rendered":"<p>Diese Seite befindet sich in st\u00e4ndiger Erweiterung. Kinderfreundliche Restaurants sind f\u00fcr Familien mit Kindern sehr wichtig. Wei\u00df man doch, dass&#8230;<\/p>\n","protected":false},"author":1,"featured_media":0,"parent":37,"menu_order":0,"comment_status":"closed","ping_status":"closed","template":"","meta":{"footnotes":""},"class_list":["post-39","page","type-page","status-publish","hentry","post-archive"],"_links":{"self":[{"href":"http:\/\/robertbock.de\/3le\/wp-json\/wp\/v2\/pages\/39","targetHints":{"allow":["GET"]}}],"collection":[{"href":"http:\/\/robertbock.de\/3le\/wp-json\/wp\/v2\/pages"}],"about":[{"href":"http:\/\/robertbock.de\/3le\/wp-json\/wp\/v2\/types\/page"}],"author":[{"embeddable":true,"href":"http:\/\/robertbock.de\/3le\/wp-json\/wp\/v2\/users\/1"}],"replies":[{"embeddable":true,"href":"http:\/\/robertbock.de\/3le\/wp-json\/wp\/v2\/comments?post=39"}],"version-history":[{"count":9,"href":"http:\/\/robertbock.de\/3le\/wp-json\/wp\/v2\/pages\/39\/revisions"}],"predecessor-version":[{"id":284,"href":"http:\/\/robertbock.de\/3le\/wp-json\/wp\/v2\/pages\/39\/revisions\/284"}],"up":[{"embeddable":true,"href":"http:\/\/robertbock.de\/3le\/wp-json\/wp\/v2\/pages\/37"}],"wp:attachment":[{"href":"http:\/\/robertbock.de\/3le\/wp-json\/wp\/v2\/media?parent=39"}],"curies":[{"name":"wp","href":"https:\/\/api.w.org\/{rel}","templated":true}]}}